{"id":1479,"date":"2019-05-25T13:32:49","date_gmt":"2019-05-25T13:32:49","guid":{"rendered":"http:\/\/sv-so.de\/?page_id=1479"},"modified":"2023-07-01T20:49:43","modified_gmt":"2023-07-01T20:49:43","slug":"trip-8","status":"publish","type":"page","link":"https:\/\/sv-so.de\/?page_id=1479","title":{"rendered":"Sportgel\u00e4nde"},"content":{"rendered":"<div class=\"wpb-content-wrapper\"><p>[vc_row bg_type=&#8220;image&#8220; parallax_style=&#8220;vcpb-default&#8220; bg_image_new=&#8220;id^1490|url^http:\/\/sv-so.de\/wp-content\/uploads\/2019\/05\/3-e1559069867718.png|caption^null|alt^null|title^3|description^null&#8220; bg_image_repeat=&#8220;no-repeat&#8220; bg_img_attach=&#8220;fixed&#8220; bg_override=&#8220;ex-full&#8220; enable_overlay=&#8220;enable_overlay_value&#8220; overlay_color=&#8220;rgba(0,0,0,0.6)&#8220; type=&#8220;vc_default&#8220; css=&#8220;.vc_custom_1559076394034{padding-top: 6% !important;padding-bottom: 6% !important;}&#8220;][vc_column css=&#8220;.vc_custom_1492694838569{padding-top: 6% !important;padding-bottom: 6% !important;}&#8220; offset=&#8220;vc_col-lg-offset-2 vc_col-lg-8 vc_col-md-offset-1 vc_col-md-10 vc_col-sm-offset-0&#8243;]<div id=\"ultimate-heading-35516a05938b08de6\" class=\"uvc-heading ult-adjust-bottom-margin ultimate-heading-35516a05938b08de6 uvc-974 accent-subtitle-color\" data-hspacer=\"no_spacer\"  data-halign=\"center\" style=\"text-align:center\"><div class=\"uvc-heading-spacer no_spacer\" style=\"top\"><\/div><div class=\"uvc-main-heading ult-responsive\"  data-ultimate-target='.uvc-heading.ultimate-heading-35516a05938b08de6 h2'  data-responsive-json-new='{\"font-size\":\"desktop:70px;tablet:50px;tablet_portrait:40px;mobile_landscape:28px;\",\"line-height\":\"desktop:80px;tablet:60px;tablet_portrait:50px;mobile_landscape:38px;\"}' ><h2 style=\"font-weight:bold;color:#ffffff;margin-bottom:30px;\">Sportgel\u00e4nde und Vereinsheim<\/h2><\/div><div class=\"uvc-sub-heading ult-responsive\"  data-ultimate-target='.uvc-heading.ultimate-heading-35516a05938b08de6 .uvc-sub-heading '  data-responsive-json-new='{\"font-size\":\"desktop:28px;mobile_landscape:18px;\",\"line-height\":\"desktop:38px;mobile_landscape:28px;\"}'  style=\"font-family:&#039;Roboto Slab&#039;;font-weight:700;\">des SV Seitingen-Oberflacht<\/div><\/div>[\/vc_column][\/vc_row][vc_row equal_height=&#8220;yes&#8220; type=&#8220;vc_default&#8220; css=&#8220;.vc_custom_1492758885864{padding-top: 100px !important;padding-bottom: 50px !important;}&#8220;][vc_column width=&#8220;1\/2&#8243; css=&#8220;.vc_custom_1492766991907{padding-bottom: 50px !important;}&#8220; offset=&#8220;vc_col-lg-5 vc_col-md-6&#8243;]<div id=\"ultimate-heading-30256a05938b08e61\" class=\"uvc-heading ult-adjust-bottom-margin ultimate-heading-30256a05938b08e61 uvc-7372 \" data-hspacer=\"no_spacer\"  data-halign=\"left\" style=\"text-align:left\"><div class=\"uvc-heading-spacer no_spacer\" style=\"top\"><\/div><div class=\"uvc-main-heading ult-responsive\"  data-ultimate-target='.uvc-heading.ultimate-heading-30256a05938b08e61 h2'  data-responsive-json-new='{\"font-size\":\"desktop:36px;\",\"line-height\":\"desktop:46px;\"}' ><h2 style=\"font-weight:bold;margin-bottom:25px;\">Unser Sportgel\u00e4nde<\/h2><\/div><\/div>[vc_column_text]<b>Sportgel\u00e4nde und SV-Gastst\u00e4tte<\/b><\/p>\n<p>&nbsp;<\/p>\n<p>[\/vc_column_text][\/vc_column][vc_column width=&#8220;1\/2&#8243;]<style type=\"text\/css\" data-type=\"the7_shortcodes-inline-css\">.gallery-carousel-shortcode.gallery-carousel-shortcode-id-4f4cc0af67b2620c3f3f3a3403be1efe.owl-carousel .owl-nav div {\n  width: 36px;\n  height: 36px;\n  border-radius: 500px;\n}\n.dt-arrow-border-on.gallery-carousel-shortcode.gallery-carousel-shortcode-id-4f4cc0af67b2620c3f3f3a3403be1efe.owl-carousel .owl-nav div:not(:hover):before {\n  border-width: 0px;\n}\n.dt-arrow-hover-border-on.gallery-carousel-shortcode.gallery-carousel-shortcode-id-4f4cc0af67b2620c3f3f3a3403be1efe.owl-carousel .owl-nav div:hover:after {\n  border-width: 0px;\n}\n.gallery-carousel-shortcode.gallery-carousel-shortcode-id-4f4cc0af67b2620c3f3f3a3403be1efe.owl-carousel .owl-nav div.owl-prev {\n  top: 50%;\n  transform: translateY(calc(-50% + 0px));\n  left: -43px;\n}\n@media all and (-ms-high-contrast: none) {\n  .gallery-carousel-shortcode.gallery-carousel-shortcode-id-4f4cc0af67b2620c3f3f3a3403be1efe.owl-carousel .owl-nav div.owl-prev {\n    transform: translateY(-50%);\n    margin-top: 0px;\n  }\n}\n.gallery-carousel-shortcode.gallery-carousel-shortcode-id-4f4cc0af67b2620c3f3f3a3403be1efe.owl-carousel .owl-nav div.owl-prev i {\n  padding: 0px 0px 0px 0px;\n}\n.gallery-carousel-shortcode.gallery-carousel-shortcode-id-4f4cc0af67b2620c3f3f3a3403be1efe.owl-carousel .owl-nav div.owl-next {\n  top: 50%;\n  transform: translateY(calc(-50% + 0px));\n  right: -43px;\n}\n@media all and (-ms-high-contrast: none) {\n  .gallery-carousel-shortcode.gallery-carousel-shortcode-id-4f4cc0af67b2620c3f3f3a3403be1efe.owl-carousel .owl-nav div.owl-next {\n    transform: translateY(-50%);\n    margin-top: 0px;\n  }\n}\n.gallery-carousel-shortcode.gallery-carousel-shortcode-id-4f4cc0af67b2620c3f3f3a3403be1efe.owl-carousel .owl-nav div.owl-next i {\n  padding: 0px 0px 0px 0px;\n}\n.gallery-carousel-shortcode.gallery-carousel-shortcode-id-4f4cc0af67b2620c3f3f3a3403be1efe.owl-carousel .owl-nav i {\n  font-size: 18px;\n}\n.gallery-carousel-shortcode.gallery-carousel-shortcode-id-4f4cc0af67b2620c3f3f3a3403be1efe.owl-carousel .owl-nav div:not(:hover) i,\n.gallery-carousel-shortcode.gallery-carousel-shortcode-id-4f4cc0af67b2620c3f3f3a3403be1efe.owl-carousel .owl-nav div:not(:hover) i:before {\n  color: #ffffff;\n  background: none;\n}\n.gallery-carousel-shortcode.gallery-carousel-shortcode-id-4f4cc0af67b2620c3f3f3a3403be1efe.owl-carousel .owl-nav div:hover i,\n.gallery-carousel-shortcode.gallery-carousel-shortcode-id-4f4cc0af67b2620c3f3f3a3403be1efe.owl-carousel .owl-nav div:hover i:before {\n  color: rgba(255,255,255,0.75);\n  background: none;\n}\n.gallery-carousel-shortcode.gallery-carousel-shortcode-id-4f4cc0af67b2620c3f3f3a3403be1efe .owl-dots {\n  top: calc(100% + 20px);\n  left: 50%;\n  transform: translateX(calc(-50% + 0px));\n}\n@media all and (-ms-high-contrast: none) {\n  .gallery-carousel-shortcode.gallery-carousel-shortcode-id-4f4cc0af67b2620c3f3f3a3403be1efe .owl-dots {\n    transform: translateX(-50%);\n    margin-left: 0px;\n  }\n}\n.gallery-carousel-shortcode.gallery-carousel-shortcode-id-4f4cc0af67b2620c3f3f3a3403be1efe .owl-dot {\n  width: 10px;\n  height: 10px;\n  margin: 0 8px;\n}\n@media screen and (max-width: 778px) {\n  .gallery-carousel-shortcode.gallery-carousel-shortcode-id-4f4cc0af67b2620c3f3f3a3403be1efe.hide-arrows .owl-nav a {\n    display: none;\n  }\n}\n@media screen and (max-width: 778px) {\n  .gallery-carousel-shortcode.gallery-carousel-shortcode-id-4f4cc0af67b2620c3f3f3a3403be1efe.reposition-arrows .owl-nav .owl-prev {\n    top: 50%;\n    transform: translateY(calc(-50% + 0px));\n    left: 10px;\n  }\n  .gallery-carousel-shortcode.gallery-carousel-shortcode-id-4f4cc0af67b2620c3f3f3a3403be1efe.reposition-arrows .owl-nav .owl-next {\n    top: 50%;\n    transform: translateY(calc(-50% + 0px));\n    right: 10px;\n  }\n}\n@media screen and (max-width: 778px) and all and (-ms-high-contrast: none) {\n  .gallery-carousel-shortcode.gallery-carousel-shortcode-id-4f4cc0af67b2620c3f3f3a3403be1efe.reposition-arrows .owl-nav .owl-prev {\n    transform: translateY(-50%);\n    margin-top: 0px;\n  }\n}\n@media screen and (max-width: 778px) and all and (-ms-high-contrast: none) {\n  .gallery-carousel-shortcode.gallery-carousel-shortcode-id-4f4cc0af67b2620c3f3f3a3403be1efe.reposition-arrows .owl-nav .owl-next {\n    transform: translateY(-50%);\n    margin-top: 0px;\n  }\n}\n.gallery-carousel-shortcode.gallery-carousel-shortcode-id-4f4cc0af67b2620c3f3f3a3403be1efe figure,\n.gallery-carousel-shortcode.gallery-carousel-shortcode-id-4f4cc0af67b2620c3f3f3a3403be1efe .rollover,\n.gallery-carousel-shortcode.gallery-carousel-shortcode-id-4f4cc0af67b2620c3f3f3a3403be1efe img,\n.gallery-carousel-shortcode.gallery-carousel-shortcode-id-4f4cc0af67b2620c3f3f3a3403be1efe .gallery-rollover {\n  border-radius: 0px;\n}\n.gallery-carousel-shortcode.gallery-carousel-shortcode-id-4f4cc0af67b2620c3f3f3a3403be1efe.enable-bg-rollover .gallery-rollover {\n  background: -webkit-linear-gradient();\n  background: linear-gradient();\n}\n.gallery-carousel-shortcode.gallery-carousel-shortcode-id-4f4cc0af67b2620c3f3f3a3403be1efe.enable-img-shadow .owl-stage-outer {\n  padding: 14px 0;\n}\n.gallery-carousel-shortcode.gallery-carousel-shortcode-id-4f4cc0af67b2620c3f3f3a3403be1efe.enable-bg-rollover.hover-scale figure .rollover:after {\n  background: -webkit-linear-gradient();\n  background: linear-gradient();\n}\n.gallery-carousel-shortcode.gallery-carousel-shortcode-id-4f4cc0af67b2620c3f3f3a3403be1efe.gallery-shortcode .gallery-zoom-ico {\n  width: 44px;\n  height: 44px;\n  line-height: 44px;\n  border-radius: 100px;\n  margin: -22px 0 0 -22px;\n  border-width: 0px;\n}\n.dt-icon-bg-on.gallery-carousel-shortcode.gallery-carousel-shortcode-id-4f4cc0af67b2620c3f3f3a3403be1efe.gallery-shortcode .gallery-zoom-ico {\n  background: rgba(255,255,255,0.3);\n  box-shadow: none;\n}\n.gallery-carousel-shortcode.gallery-carousel-shortcode-id-4f4cc0af67b2620c3f3f3a3403be1efe.gallery-shortcode .gallery-zoom-ico:before,\n.gallery-carousel-shortcode.gallery-carousel-shortcode-id-4f4cc0af67b2620c3f3f3a3403be1efe.gallery-shortcode .gallery-zoom-ico span {\n  font-size: 32px;\n  line-height: 44px;\n  color: #ffffff;\n  background: none;\n}\n<\/style><div class=\"owl-carousel gallery-carousel-shortcode gallery-shortcode  dt-gallery-container dt-owl-carousel-call gallery-carousel-shortcode-id-4f4cc0af67b2620c3f3f3a3403be1efe quick-scale-img enable-bg-rollover meta-info-off dt-arrow-border-on dt-arrow-hover-border-on bullets-small-dot-stroke reposition-arrows dt-icon-bg-off arrows-bg-on disable-arrows-hover-bg arrows-hover-bg-on  hover-fade \" data-scroll-mode=\"1\" data-col-num=\"6\" data-wide-col-num=\"6\" data-laptop-col=\"5\" data-h-tablet-columns-num=\"4\" data-v-tablet-columns-num=\"3\" data-phone-columns-num=\"1\" data-col-gap=\"10\" data-stage-padding=\"0\" data-speed=\"600\" data-autoplay=\"false\" data-autoplay_speed=\"6000\" data-arrows=\"true\" data-bullet=\"false\" data-next-icon=\"icon-ar-017-r\" data-prev-icon=\"icon-ar-017-l\" data-img-shadow-size=\"12px\" data-img-shadow-spread=\"3px\"><div data-post-id=\"1491\" data-date=\"2019-05-25T14:16:24+00:00\" data-name=\"2\"><figure class=\"post\"><a href=\"https:\/\/sv-so.de\/wp-content\/uploads\/2019\/05\/2-e1559069888356.png\" class=\"rollover dt-pswp-item layzr-bg\" data-large_image_width=\"721\" data-large_image_height=\"406\" data-dt-img-description=\"\" title=\"2\"><img fetchpriority=\"high\" decoding=\"async\" class=\"preload-me owl-lazy-load aspect\" src=\"data:image\/svg+xml,%3Csvg%20xmlns%3D&#39;http%3A%2F%2Fwww.w3.org%2F2000%2Fsvg&#39;%20viewBox%3D&#39;0%200%20406%20406&#39;%2F%3E\" data-src=\"https:\/\/sv-so.de\/wp-content\/uploads\/2019\/05\/2-e1559069888356-406x406.png\" data-srcset=\"https:\/\/sv-so.de\/wp-content\/uploads\/2019\/05\/2-e1559069888356-406x406.png 406w\" loading=\"eager\" style=\"--ratio: 406 \/ 406\" sizes=\"(max-width: 406px) 100vw, 406px\" alt=\"\" width=\"406\" height=\"406\"  \/><span class=\"gallery-rollover\"><span class=\"gallery-zoom-ico icomoon-the7-font-the7-zoom-06\"><span><\/span><\/span><\/span><\/a><\/figure><\/div><div data-post-id=\"1490\" data-date=\"2019-05-25T14:16:14+00:00\" data-name=\"3\"><figure class=\"post\"><a href=\"https:\/\/sv-so.de\/wp-content\/uploads\/2019\/05\/3-e1559069867718.png\" class=\"rollover dt-pswp-item layzr-bg\" data-large_image_width=\"721\" data-large_image_height=\"405\" data-dt-img-description=\"\" title=\"3\"><img decoding=\"async\" class=\"preload-me owl-lazy-load aspect\" src=\"data:image\/svg+xml,%3Csvg%20xmlns%3D&#39;http%3A%2F%2Fwww.w3.org%2F2000%2Fsvg&#39;%20viewBox%3D&#39;0%200%20405%20405&#39;%2F%3E\" data-src=\"https:\/\/sv-so.de\/wp-content\/uploads\/2019\/05\/3-e1559069867718-405x405.png\" data-srcset=\"https:\/\/sv-so.de\/wp-content\/uploads\/2019\/05\/3-e1559069867718-405x405.png 405w\" loading=\"eager\" style=\"--ratio: 405 \/ 405\" sizes=\"(max-width: 405px) 100vw, 405px\" alt=\"\" width=\"405\" height=\"405\"  \/><span class=\"gallery-rollover\"><span class=\"gallery-zoom-ico icomoon-the7-font-the7-zoom-06\"><span><\/span><\/span><\/span><\/a><\/figure><\/div><div data-post-id=\"1488\" data-date=\"2019-05-25T14:15:49+00:00\" data-name=\"Sportheim\"><figure class=\"post\"><a href=\"https:\/\/sv-so.de\/wp-content\/uploads\/2019\/05\/Sportheim-e1559069916816.png\" class=\"rollover dt-pswp-item layzr-bg\" data-large_image_width=\"721\" data-large_image_height=\"405\" data-dt-img-description=\"\" title=\"Sportheim\"><img decoding=\"async\" class=\"preload-me owl-lazy-load aspect\" src=\"data:image\/svg+xml,%3Csvg%20xmlns%3D&#39;http%3A%2F%2Fwww.w3.org%2F2000%2Fsvg&#39;%20viewBox%3D&#39;0%200%20405%20405&#39;%2F%3E\" data-src=\"https:\/\/sv-so.de\/wp-content\/uploads\/2019\/05\/Sportheim-e1559069916816-405x405.png\" data-srcset=\"https:\/\/sv-so.de\/wp-content\/uploads\/2019\/05\/Sportheim-e1559069916816-405x405.png 405w\" loading=\"eager\" style=\"--ratio: 405 \/ 405\" sizes=\"(max-width: 405px) 100vw, 405px\" alt=\"\" width=\"405\" height=\"405\"  \/><span class=\"gallery-rollover\"><span class=\"gallery-zoom-ico icomoon-the7-font-the7-zoom-06\"><span><\/span><\/span><\/span><\/a><\/figure><\/div><div data-post-id=\"1486\" data-date=\"2019-05-25T14:11:57+00:00\" data-name=\"1\"><figure class=\"post\"><a href=\"https:\/\/sv-so.de\/wp-content\/uploads\/2019\/05\/1-e1559069939633.png\" class=\"rollover dt-pswp-item layzr-bg\" data-large_image_width=\"720\" data-large_image_height=\"405\" data-dt-img-description=\"\" title=\"1\"><img decoding=\"async\" class=\"preload-me owl-lazy-load aspect\" src=\"data:image\/svg+xml,%3Csvg%20xmlns%3D&#39;http%3A%2F%2Fwww.w3.org%2F2000%2Fsvg&#39;%20viewBox%3D&#39;0%200%20405%20405&#39;%2F%3E\" data-src=\"https:\/\/sv-so.de\/wp-content\/uploads\/2019\/05\/1-e1559069939633-405x405.png\" data-srcset=\"https:\/\/sv-so.de\/wp-content\/uploads\/2019\/05\/1-e1559069939633-405x405.png 405w\" loading=\"eager\" style=\"--ratio: 405 \/ 405\" sizes=\"(max-width: 405px) 100vw, 405px\" alt=\"\" width=\"405\" height=\"405\"  \/><span class=\"gallery-rollover\"><span class=\"gallery-zoom-ico icomoon-the7-font-the7-zoom-06\"><span><\/span><\/span><\/span><\/a><\/figure><\/div><\/div>[\/vc_column][\/vc_row][vc_row equal_height=&#8220;yes&#8220; bg_type=&#8220;bg_color&#8220; bg_override=&#8220;ex-full&#8220; type=&#8220;vc_default&#8220; bg_color_value=&#8220;#f4f4f4&#8243;][vc_column width=&#8220;1\/2&#8243; css=&#8220;.vc_custom_1492764938173{padding-top: 90px !important;padding-bottom: 90px !important;}&#8220;]<div id=\"ultimate-heading-4486a05938b0d808\" class=\"uvc-heading ult-adjust-bottom-margin ultimate-heading-4486a05938b0d808 uvc-9446 accent-subtitle-color\" data-hspacer=\"no_spacer\"  data-halign=\"left\" style=\"text-align:left\"><div class=\"uvc-heading-spacer no_spacer\" style=\"top\"><\/div><div class=\"uvc-main-heading ult-responsive\"  data-ultimate-target='.uvc-heading.ultimate-heading-4486a05938b0d808 h2'  data-responsive-json-new='{\"font-size\":\"desktop:36px;\",\"line-height\":\"desktop:46px;\"}' ><h2 style=\"font-weight:bold;margin-bottom:10px;\">Sportgel\u00e4nde<\/h2><\/div><\/div>[vc_column_text css=&#8220;.vc_custom_1558791100965{padding-bottom: 25px !important;}&#8220;]Wie wird aus einem unbebauten Flurst\u00fcck eines der sch\u00f6nsten Sportgel\u00e4nde im Landkreis? Der Sportverein Seitingen-Oberflacht hat es vorgemacht. Alles hat mit einem Umzug begonnen. Im Jahr 1980 verlie\u00df der SVSO das Sportgel\u00e4nde am Galgen und zog \u201erunter\u201c in das Dorf, auf das Flurst\u00fcck Deckenhofen. Dort wurden nicht nur zwei neue Rasenpl\u00e4tze angelegt, sondern auch ein neues Vereinsheim gebaut. Seit seiner Einweihung im Jahr 1983 ist das Sportgel\u00e4nde Deckenhofen die Heimst\u00e4tte des SV Seitingen-Oberflacht.<\/p>\n<p>Im Laufe der Zeit gab es viele Ver\u00e4nderungen, Erweiterungen und Umbauarbeiten. Bereits 1985 wurde einer der Rasenpl\u00e4tze in Eigenleistung zu einem Hartplatz umgewandelt. Die \u201eRote Erde\u201c blieb uns bis 2011 erhalten, ehe sie einem modernen Kunstrasenplatz weichen musste. Auch um das Sportgel\u00e4nde herum wurde viel gemacht. Ob nun der Einbau von Bew\u00e4sserungsanlagen, der Bau eines Ger\u00e4teschuppens oder die Pflasterarbeiten zwischen den beiden Pl\u00e4tzen; der SVSO war stets bestrebt sein Sportgel\u00e4nde intakt und auf dem neusten Stand zu halten.<\/p>\n<p>Mit zwei Rasenpl\u00e4tzen, einem Kunstrasenplatz und einem, erst 2019 eingeweihten, Beachsoccer bzw. Beachvolleyballplatz k\u00f6nnen wir unseren Aktiven und Jugendspielern eine tolle und moderne St\u00e4tte anbieten, um zu trainieren und ihre Spiele auszutragen.[\/vc_column_text][\/vc_column][vc_column width=&#8220;1\/2&#8243; css=&#8220;.vc_custom_1558794061288{padding-top: 25% !important;padding-bottom: 25% !important;background-image: url(http:\/\/sv-so.de\/wp-content\/uploads\/2019\/05\/1.png?id=1486) !important;background-position: center !important;background-repeat: no-repeat !important;background-size: contain !important;}&#8220;][\/vc_column][\/vc_row][vc_row equal_height=&#8220;yes&#8220; type=&#8220;vc_default&#8220;][vc_column width=&#8220;1\/2&#8243; css=&#8220;.vc_custom_1492764938173{padding-top: 90px !important;padding-bottom: 90px !important;}&#8220;]<div id=\"ultimate-heading-93316a05938b0d859\" class=\"uvc-heading ult-adjust-bottom-margin ultimate-heading-93316a05938b0d859 uvc-7052 accent-subtitle-color\" data-hspacer=\"no_spacer\"  data-halign=\"left\" style=\"text-align:left\"><div class=\"uvc-heading-spacer no_spacer\" style=\"top\"><\/div><div class=\"uvc-main-heading ult-responsive\"  data-ultimate-target='.uvc-heading.ultimate-heading-93316a05938b0d859 h2'  data-responsive-json-new='{\"font-size\":\"desktop:36px;\",\"line-height\":\"desktop:46px;\"}' ><h2 style=\"font-weight:bold;margin-bottom:10px;\">Vereinsheim<\/h2><\/div><\/div>[vc_column_text css=&#8220;.vc_custom_1688244576269{padding-bottom: 25px !important;}&#8220;]Doch nicht nur in die Sportanlagen, sondern auch in unser Vereinsheim haben wir viel Arbeit\u00a0 und M\u00fche investiert. 1997 wurden erste gr\u00f6\u00dfere Umbauarbeiten im Sportheim vorgenommen, indem das Dachgeschoss zu einer Wohnung ausgebaut wurde. Im selben Zug wurde das Sportheim auch erstmals, nach vielen Jahren der Bewirtung in eigener Regie, an die Familie Bozza verpachtet. Im Jahr 2000 folgten dann ein Anbau mit neuen Umkleidekabinen, Duschen und einem Gesch\u00e4ftszimmer. Grundlegend renoviert und modernisiert wurde unser Sportheim 2013. In diesem Zuge erfolgte nicht nur die Namens\u00e4nderung zu \u201eSV-Gastst\u00e4tte\u201c, sondern zugleich auch ein P\u00e4chterwechsel. Ludwig Wei\u00df und Vesna Vucadin betrieben bis 2017 unsere Gastst\u00e4tte. Danach sind Alfredo Campa und sein Team als Wirte bis 2022 t\u00e4tig.<\/p>\n<p>Seit dem Sommer 2023 betreibt Volker Biedermann die SVSO Gastst\u00e4tte.<\/p>\n<p><a href=\"https:\/\/goo.gl\/maps\/d1Ujntd2jjSQpr4TA\" target=\"_blank\" rel=\"noopener\">\u00d6ffnungszeiten und Kontakt<\/a><\/p>\n<p>[\/vc_column_text][\/vc_column][vc_column width=&#8220;1\/2&#8243; css=&#8220;.vc_custom_1558793849649{padding-top: 25% !important;padding-bottom: 25% !important;background-image: url(http:\/\/sv-so.de\/wp-content\/uploads\/2019\/05\/Sportheim_2.png?id=1487) !important;background-position: center !important;background-repeat: no-repeat !important;background-size: contain !important;}&#8220;][\/vc_column][\/vc_row][vc_row][vc_column width=&#8220;1\/2&#8243;]<div id=\"ultimate-heading-84446a05938b0d888\" class=\"uvc-heading ult-adjust-bottom-margin ultimate-heading-84446a05938b0d888 uvc-694  uvc-heading-default-font-sizes\" data-hspacer=\"no_spacer\"  data-halign=\"left\" style=\"text-align:left\"><div class=\"uvc-heading-spacer no_spacer\" style=\"top\"><\/div><div class=\"uvc-main-heading ult-responsive\"  data-ultimate-target='.uvc-heading.ultimate-heading-84446a05938b0d888 h2'  data-responsive-json-new='{\"font-size\":\"\",\"line-height\":\"\"}' ><h2 style=\"font-weight:bold;\">Beachsoccer \/ Beachvolleyball<\/h2><\/div><\/div>[vc_column_text]<\/p>\n<p>Hier ein Bild von unserem neuen Beachsoccer\/Beachvolleyball Feld[\/vc_column_text][\/vc_column][vc_column width=&#8220;1\/2&#8243;]<style type=\"text\/css\" data-type=\"the7_shortcodes-inline-css\">.shortcode-single-image-wrap.shortcode-single-image-3a360f063768f7003e6415f581a75935.enable-bg-rollover .rollover i,\n.shortcode-single-image-wrap.shortcode-single-image-3a360f063768f7003e6415f581a75935.enable-bg-rollover .rollover-video i {\n  background: -webkit-linear-gradient();\n  background: linear-gradient();\n}\n.shortcode-single-image-wrap.shortcode-single-image-3a360f063768f7003e6415f581a75935 .rollover-icon {\n  font-size: 32px;\n  color: #ffffff;\n  min-width: 44px;\n  min-height: 44px;\n  line-height: 44px;\n  border-radius: 100px;\n  border-style: solid;\n  border-width: 0px;\n}\n.dt-icon-bg-on.shortcode-single-image-wrap.shortcode-single-image-3a360f063768f7003e6415f581a75935 .rollover-icon {\n  background: rgba(255,255,255,0.3);\n  box-shadow: none;\n}\n<\/style><div class=\"shortcode-single-image-wrap shortcode-single-image-3a360f063768f7003e6415f581a75935 alignnone  enable-bg-rollover dt-icon-bg-off\" style=\"margin-top:0px; margin-bottom:0px; margin-left:0px; margin-right:0px; width:500px;\"><div class=\"shortcode-single-image\"><div class=\"fancy-media-wrap  layzr-bg\" style=\"\"><img decoding=\"async\" class=\"preload-me lazy-load aspect\" src=\"data:image\/svg+xml,%3Csvg%20xmlns%3D&#39;http%3A%2F%2Fwww.w3.org%2F2000%2Fsvg&#39;%20viewBox%3D&#39;0%200%20500%20281&#39;%2F%3E\" data-src=\"https:\/\/sv-so.de\/wp-content\/uploads\/2019\/05\/Beach-e1559069905943-500x281.png\" data-srcset=\"https:\/\/sv-so.de\/wp-content\/uploads\/2019\/05\/Beach-e1559069905943-500x281.png 500w, https:\/\/sv-so.de\/wp-content\/uploads\/2019\/05\/Beach-e1559069905943-720x404.png 720w\" loading=\"eager\" sizes=\"(max-width: 500px) 100vw, 500px\" width=\"500\" height=\"281\"  data-dt-location=\"https:\/\/sv-so.de\/?attachment_id=1489\" style=\"--ratio: 500 \/ 281;\" alt=\"\" \/><\/div><\/div><\/div>[\/vc_column][\/vc_row]<\/p>\n<\/div>","protected":false},"excerpt":{"rendered":"<p>[vc_row bg_type=&#8220;image&#8220; parallax_style=&#8220;vcpb-default&#8220; bg_image_new=&#8220;id^1490|url^http:\/\/sv-so.de\/wp-content\/uploads\/2019\/05\/3-e1559069867718.png|caption^null|alt^null|title^3|description^null&#8220; bg_image_repeat=&#8220;no-repeat&#8220; bg_img_attach=&#8220;fixed&#8220; bg_override=&#8220;ex-full&#8220; enable_overlay=&#8220;enable_overlay_value&#8220; overlay_color=&#8220;rgba(0,0,0,0.6)&#8220; type=&#8220;vc_default&#8220; css=&#8220;.vc_custom_1559076394034{padding-top: 6% !important;padding-bottom: 6% !important;}&#8220;][vc_column css=&#8220;.vc_custom_1492694838569{padding-top: 6% !important;padding-bottom: 6% !important;}&#8220; offset=&#8220;vc_col-lg-offset-2 vc_col-lg-8 vc_col-md-offset-1 vc_col-md-10 vc_col-sm-offset-0&#8243;][\/vc_column][\/vc_row][vc_row equal_height=&#8220;yes&#8220; type=&#8220;vc_default&#8220; css=&#8220;.vc_custom_1492758885864{padding-top: 100px !important;padding-bottom: 50px !important;}&#8220;][vc_column width=&#8220;1\/2&#8243; css=&#8220;.vc_custom_1492766991907{padding-bottom: 50px !important;}&#8220; offset=&#8220;vc_col-lg-5 vc_col-md-6&#8243;][vc_column_text]Sportgel\u00e4nde und SV-Gastst\u00e4tte &nbsp; [\/vc_column_text][\/vc_column][vc_column width=&#8220;1\/2&#8243;][\/vc_column][\/vc_row][vc_row equal_height=&#8220;yes&#8220; bg_type=&#8220;bg_color&#8220; bg_override=&#8220;ex-full&#8220; type=&#8220;vc_default&#8220; bg_color_value=&#8220;#f4f4f4&#8243;][vc_column width=&#8220;1\/2&#8243; css=&#8220;.vc_custom_1492764938173{padding-top: 90px !important;padding-bottom: 90px !important;}&#8220;][vc_column_text css=&#8220;.vc_custom_1558791100965{padding-bottom:&hellip;<\/p>\n","protected":false},"author":4,"featured_media":0,"parent":0,"menu_order":40,"comment_status":"closed","ping_status":"closed","template":"","meta":{"footnotes":""},"class_list":["post-1479","page","type-page","status-publish","hentry","description-off"],"_links":{"self":[{"href":"https:\/\/sv-so.de\/index.php?rest_route=\/wp\/v2\/pages\/1479"}],"collection":[{"href":"https:\/\/sv-so.de\/index.php?rest_route=\/wp\/v2\/pages"}],"about":[{"href":"https:\/\/sv-so.de\/index.php?rest_route=\/wp\/v2\/types\/page"}],"author":[{"embeddable":true,"href":"https:\/\/sv-so.de\/index.php?rest_route=\/wp\/v2\/users\/4"}],"replies":[{"embeddable":true,"href":"https:\/\/sv-so.de\/index.php?rest_route=%2Fwp%2Fv2%2Fcomments&post=1479"}],"version-history":[{"count":17,"href":"https:\/\/sv-so.de\/index.php?rest_route=\/wp\/v2\/pages\/1479\/revisions"}],"predecessor-version":[{"id":2003,"href":"https:\/\/sv-so.de\/index.php?rest_route=\/wp\/v2\/pages\/1479\/revisions\/2003"}],"wp:attachment":[{"href":"https:\/\/sv-so.de\/index.php?rest_route=%2Fwp%2Fv2%2Fmedia&parent=1479"}],"curies":[{"name":"wp","href":"https:\/\/api.w.org\/{rel}","templated":true}]}}